greatest common divisor of h and 92.
23
Let i = -11 - -14. Suppose 0 = 2*y - i*m - 177, y = -3*y - m + 389. Let q be -4*(-6)/(-2)*-1. Calculate the greatest common divisor of y and q.
12
Let g be (16/5)/(-2 + 27/15). Let y = -2 - g. What is the highest common factor of y and 98?
14
Suppose 12*x = 11*x + 177. What is the highest common divisor of x and 118?
59
Let s be -1 + 78/5 - (-6)/15. Suppose 5*y - b - s = 0, 5*y - 4 = -3*b + 31. Calculate the greatest common divisor of 44 and y.
4
Let g = 4 - 1. Suppose -g*u + 104 = 5. Let j be -28*1/2 - -36. Calculate the highest common divisor of j and u.
11
Let l(a) = a**2 + 40*a - 493. Let i be l(-50). Calculate the greatest common factor of i and 455.
7
Let v = -2095 + 2355. Calculate the highest common divisor of 25 and v.
5
Suppose -7*q = -76 - 148. Calculate the greatest common divisor of 480 and q.
32
Let b = -8 - -10. Suppose 0 = a + 1, -b*u - 5*a + 3 = 2*u. Suppose 4*r = y + u*y - 80, -2*y + 54 = -3*r. What is the greatest common divisor of y and 12?
12
Let h(n) = n**2 - 16*n - 18. Let a be h(18). What is the greatest common factor of a and 306?
18
Suppose 236*d - 241*d = -5. Let x = 16 + 1. Suppose 0 = -2*g + x + 1. What is the highest common factor of d and g?
1
Let z be 10/(-50) - 12812/(-10). What is the greatest common divisor of 21 and z?
21
Let u be 24/44 + (-6693)/(-11). What is the highest common factor of 21 and u?
21
Let c(h) = -5*h**3 - 2*h**2 - 6*h - 5. Let s be c(-3). What is the greatest common divisor of 10 and s?
10
Let c = -51 + 47. Let o = 8 + c. Let m = 14 - -14. What is the greatest common factor of m and o?
4
Let h be -5*((-12)/15 - 0). Suppose -3*w - k = -150, 4*w - h*k - 219 = k. Let a = w - 22. Calculate the greatest common divisor of a and 319.
29
Suppose 0*q = 2*w - 3*q + 3, -4*q + 15 = w. Suppose 0 = -4*j - w*j + 140. What is the highest common divisor of j and 10?
10
Let q(f) = f**3 + 8*f**2 + 9*f + 2. Let z(j) = 3*j**2 - j - 4. Let r be z(-2). Let g = 4 - r. Let u be q(g). What is the greatest common factor of u and 50?
10
Suppose -4 = -j - 1. Suppose -y = 2*v - 4, 2*v = v + j*y - 12. Let k be (-51)/6*-16 - v. What is the greatest common factor of 17 and k?
17
Let w = 55 + -55. Suppose 4*o + 4*g - g - 820 = w, 4*g - 816 = -4*o. What is the greatest common factor of o and 26?
26
Let f be 280/((-44)/(-36) + -1). What is the highest common divisor of 60 and f?
60
Let d(y) = y**3 - y**2 + 2*y + 18. Let p be d(5). What is the greatest common divisor of p and 32?
32
Suppose -w = 2*w - u + 60, 5*w = -4*u - 83. Let n = w + 26. Let v(j) = j**3 + j + 21. Let a be v(0). Calculate the greatest common factor of n and a.
7
Let c(r) be the first derivative of 1/3*r**3 - 9*r + 3 - 1/2*r**2. Let b be c(4). Calculate the greatest common divisor of 27 and b.
3
Suppose -6*w + 5*w - 5*c = -40, -3*c = -4*w + 183. What is the greatest common divisor of 18 and w?
9
Let w(m) = 2*m**2 + 8*m - 36. Let k be w(5). What is the greatest common factor of k and 18?
18
Let z(n) = -n**2 - 9*n - 2. Let o be z(-9). Let i be -16*(2 + 5*o). Let b = i + -65. What is the highest common factor of 7 and b?
7
Let t(x) = 2 + 5*x**3 - 2*x + 13*x - 10*x - x**2. Let g be t(-1). Let u be (-2 - -3)*(-1 - g). What is the highest common divisor of u and 12?
4
Suppose -501 = -5*n + 399. Let d be (-11)/(198/(-324)) - (-3*1 + 1). Calculate the highest common factor of n and d.
20
Let d(r) = -r - 13. Let y be d(-16). Suppose 4*b = -a - 11 + 1, -2*b = y*a. Suppose -a*n = -7 - 7. Calculate the highest common divisor of 14 and n.
7
Let p be (14/(-21)*34)/((-4)/6). Let x be 4/8*(p + 2)/3. What is the highest common divisor of x and 6?
6
Suppose -3*b = 2*b + 2*t - 15, 0 = -2*b - 4*t + 22. Suppose 9 - b = 2*p. Let w be (-2)/p + 1610/20. What is the greatest common factor of w and 10?
10
Let b = -236 + 350. What is the highest common factor of 6 and b?
6
Let f(c) = 2*c**2 + 4*c - 2. Let u be f(3). Suppose 0 = -202*b + 201*b - 6. Let g = b + u. Calculate the greatest common factor of g and 154.
22
Let p = 101 + -93. What is the greatest common factor of 2504 and p?
8
Let t be (-4)/((-11 - -6)/10). What is the greatest common divisor of 44 and t?
4
Suppose 67 = 2*l - 5*n, l + 4 = -3*n + 10. Suppose -25 = 3*o - 8*o. Suppose -c = -r - 0*c + l, 73 = o*r + 3*c. What is the greatest common divisor of r and 136?
17
Let p be (0 + 1)/(12/216). Suppose -p = -6*w + 18. What is the highest common divisor of 6 and w?
6
Suppose 4*d - 4 = -2*s + 14, -3*s - 2*d = -15. Suppose u = -a + 27, 2*u + s*a - 5*a = 58. What is the greatest common factor of 42 and u?
14
Let x(d) = -d**3 + 4*d**2 + 39*d - 43. Let f be x(8). Calculate the greatest common divisor of 221 and f.
13
Let a(q) = -q**2 - 14*q - 23. Let l be a(-8). Suppose 8 = s - l. Calculate the highest common divisor of 297 and s.
33
Suppose -115 = -81*u + 78*u - p, 2*p + 90 = 2*u. Calculate the highest common divisor of u and 5.
5
Let k = -12 - -33. Let m be ((-54)/k)/((-3)/(-42)). Let y be m/(-16)*16/6. Calculate the greatest common divisor of y and 15.
3
Suppose -10 = 2*o - 7*o. Suppose -3*g + 65 = 5*n + o*g, 0 = -2*n + 2*g + 10. Calculate the highest common divisor of 99 and n.
9
Let q(x) = x**2 + 4*x - 3. Suppose 0 = -c + 6 - 12. Let a be q(c). Suppose 0*y - a = -y. What is the greatest common divisor of 9 and y?
9
Let m = -458 - -463. Calculate the highest common divisor of m and 20.
5
Let y be (416/(-24))/(1/(-3)). Calculate the greatest common factor of 130 and y.
26
Suppose 2*t = 2*c + 5*t - 15, t = c + 5. Suppose 5*m - 15 + c = 0. Suppose -3*b = -0*b - m. Calculate the greatest common divisor of 1 and b.
1
Let i = -32 + 54. Suppose 0*o + 2*o + i = -2*r, 0 = -3*r - 15. Let v be (1 + o/9)*45. What is the greatest common divisor of v and 150?
15
Suppose 5 = 3*q - 4. Suppose 0 = 4*p - 8, 2*c = 4*p + 46 + 6. Suppose -7 = u + 4*z, q*u - z = 4*z + c. What is the highest common divisor of 35 and u?
5
Let y be ((-1)/((-15)/(-12)))/((-15)/300). Calculate the greatest common divisor of y and 208.
16
Suppose 9*o - 240 = 75. What is the greatest common factor of 7 and o?
7
Let l(p) = p**3 + 10*p**2 + 13*p - 4. Let d be l(-7). Let q = 55 - d. What is the highest common divisor of q and 6?
3
Let w(a) = a - 7. Let j be w(9). Suppose 0 = -p + 2, 4*u - 2*p - 33 = 19. What is the greatest common divisor of u and j?
2
Suppose 0 = 19*j - 7*j - 144. What is the greatest common factor of 36 and j?
12
Suppose 19 = 4*w - 5*z, -w + 6*w = -z + 60. Suppose f - 4*v = -4 - 5, 1 = f - 2*v. What is the greatest common divisor of w and f?
11
Let l = -38 + -22. Let n = l - -125. Calculate the greatest common factor of n and 26.
13
Suppose -2*j - 3*z + 487 = 0, 5*j - 976 = j - 4*z. What is the greatest common factor of j and 35?
35
Suppose d - 116 - 37 = 0. Suppose -2*k = k - d. Let u be 4/6 + 400/12. What is the greatest common divisor of u and k?
17
Let h(u) = -18*u**2 + 2*u + 3. Let m be h(-2). Let p = -34 - m. Suppose 60 = 2*z - 2*a + 12, 5*z + 2*a - 134 = 0. What is the highest common factor of z and p?
13
Suppose -x + 162 = x. Suppose 0*w - 32 = -4*w. Let i = 1 + w. What is the greatest common divisor of i and x?
9
Let b = -162 + 255. What is the highest common factor of b and 155?
31
Let y = 110 + -68. Calculate the highest common factor of y and 7.
7
Let k(u) = 5*u + 2. Let h be k(-10). Let d be h/21*(-7)/2. Suppose 3*l + 72 = d*l + r, -4*r = -2*l + 42. Calculate the greatest common factor of l and 3.
3
Let c = 25 + -11. Let t = c + -14. Suppose a - 114 = -4*y, 3*a - 6*y + 4*y - 384 = t. What is the highest common divisor of a and 18?
18
Let r = -8 - -13. Suppose 211 = r*j + 71. Let m = 74 - 4. What is the highest common factor of j and m?
14
Let v = -84 + 86. Suppose r - 6*r = -v*u - 281, -4*r - u + 217 = 0. What is the highest common divisor of r and 11?
11
Suppose 2*x - 910 = -2*i + 1564, -2462 = -2*x + 4*i. What is the greatest common factor of x and 95?
95
Let b be 2/(-8)*-2*-2. Let k(h) = h**2 - 125*h**3 - 3 + h**2 - 4 + 2 + 4. Let t be k(b). What is the highest common factor of t and 18?
18
Let w be 3/9 - 44/(-12). Let b = -6 + w. Let z be (b/(-3))/((-2)/(-12)). What is the greatest common divisor of z and 32?
4
Let h(l) = 9*l**2 + 26*l + 109. Let t be h(-5). Calculate the highest common divisor of